j?
5
Let y = -834 + 3022. What is the units digit of y?
8
Let l(i) = i**2 - 4*i + 137. What is the units digit of l(28)?
9
Suppose -6*x = x + 14. What is the tens digit of x/((-16)/362) + (-15)/60?
4
What is the units digit of (-11120)/(-150) - 8/60?
4
Let z(y) = y**3 + y**2 - y + 6. Let k be z(0). Suppose -3*w = -4*w - 2*q + 3, 2*q = 0. Let l = k + w. What is the units digit of l?
9
Suppose 0 = 2*g - 18 + 6. Suppose -g*h = -9*h + 108. Suppose -h = -5*w - 1. What is the units digit of w?
7
Suppose 2*l = 8*l - 504. Let m = -24 + l. What is the tens digit of (m/(-25))/(3/(-60))?
4
Suppose 4*a + 3*r + 810 - 12299 = 0, 8638 = 3*a - 2*r. What is the thousands digit of a?
2
What is the units digit of (23/69)/(3/477)?
3
Let h(z) = z**2 - 29*z + 30. Suppose -4*k - 40 = -164. What is the units digit of h(k)?
2
Suppose -24 = -42*o + 39*o. Suppose 704 + 880 = o*u. What is the units digit of u?
8
Let s be (-15)/(-3) + -5 - 57. Let o = s - -144. What is the units digit of o?
7
Let b(r) = 3*r**3 + 26*r**2 - 12*r - 2. What is the thousands digit of b(7)?
2
Suppose -2*b - 57 = -453. Suppose 3*g + 3*l - b = 0, l + l = 3*g - 173. What is the units digit of g?
1
Let k(m) = m**3 - 14*m**2 - 16*m + 18. Let f be k(15). What is the hundreds digit of 134*f/(0 - -3)?
1
Let p(b) = -5*b**2 - 7 - 5 + b + 6*b**2. Let d be p(-5). Suppose t - 2*t + d = 0. What is the units digit of t?
8
Let t(x) = -x**3 - 2*x**2 + 9*x + 5. Let j be t(-4). Suppose -2*r - 3*b - j = -18, -7 = -r - 2*b. What is the units digit of r?
3
Let m(j) = 6*j - 11. Let f be m(4). Let a = -27 - f. What is the units digit of (-8)/(-10)*(-100)/a?
2
Suppose -3*u - u = 5*g - 1, -2*u = 5*g - 3. What is the units digit of (-1)/((-3 - u)/118)?
9
Let m be (-13 - -11) + -6*(1 - 3). Let x(w) = 28*w + 1. What is the tens digit of x(m)?
8
Let x = -13 + 10. Let c be (-4 - x) + 2 + -45. What is the tens digit of (-6)/(-24)*c/(-1)?
1
Let v be (3 + -1 + -4)*2. What is the hundreds digit of (-7)/(v/(-120)*-2)?
1
Let a(u) = -14*u - 15. Let b be a(-9). Let l = 181 - b. What is the units digit of l?
0
Suppose 4*i = 4177 - 577. What is the tens digit of i?
0
Let v(q) = 80*q**2 + 13*q - 22. What is the tens digit of v(2)?
2
Let t(f) be the first derivative of -1/4*f**4 - 3/2*f**2 + 8/3*f**3 - 10*f - 8. What is the tens digit of t(6)?
4
Let c = 31 + -34. What is the units digit of (-58 - c/(-3))*(-2 + -2)?
6
Let g(z) = 103*z**3 - 5*z**2 + 10*z - 4. What is the hundreds digit of g(2)?
8
Let z(c) = -3*c - 2. Suppose -6*b + b + 68 = i, 4*i - 62 = -5*b. Let d = b - 19. What is the units digit of z(d)?
3
Let y be 3/((-15)/(-4))*5. What is the units digit of (72/(-15))/(y/(-50))?
0
Suppose w - 11 - 2 = -5*q, -4*q = 0. What is the units digit of (-6 + w)*(-432)/(-21)?
4
Let j = 782 - 410. What is the tens digit of j?
7
Let u = 12863 - 8254. What is the tens digit of u?
0
Let m = -1851 - -4278. What is the units digit of m?
7
Let a(d) = -7*d + 107. What is the units digit of a(-3)?
8
Let f(q) = q**3 + q**2 + 3*q + 17. What is the units digit of f(6)?
7
Suppose 0 = 3*n + 15, -6*w - 17554 = -10*w + 2*n. What is the units digit of w?
6
Let h(j) = -j**3 - 5*j**2 + 3*j - 1. Let s be h(-6). Let l be s - (-1 - (-6)/2). Suppose -2*g - 4*u = -26 - 18, -3*u = -l. What is the tens digit of g?
1
Let x be (-2)/10 + (-1)/5*-21. Suppose 3*p = 5*l - 187, -p + 5*p = -x*l + 124. What is the tens digit of l?
3
Let a = 8 - -1. Suppose a = -4*m + 33. What is the units digit of m?
6
Let r(s) = -s**3 + 2*s**2 - 1. Let j = 11 + -4. Suppose 0 = -9*y + j*y - 2. What is the units digit of r(y)?
2
Suppose -5*o + 2*o + z + 214 = 0, o + 2*z - 76 = 0. What is the tens digit of o?
7
Let l be ((-6)/(-4))/((-3)/(-16)). Let h = -6 + l. Suppose -s + 4*d = -d - 18, 3*d + 3 = -h*s. What is the units digit of s?
3
Let z(j) = 7*j + 4. Let n(v) = -11*v - 6. Let u(x) = 5*n(x) + 8*z(x). What is the units digit of u(14)?
6
Let m(q) = 11*q + 3. Let f be m(2). Let z = f - 14. What is the tens digit of z?
1
Suppose 4*v - 5*v = -16. Let x = 12 - v. Let f(a) = -10*a + 1. What is the tens digit of f(x)?
4
What is the tens digit of 497/(-4)*(-12)/3?
9
Suppose -8*p + 14 = -1746. What is the units digit of p?
0
Let b be ((-378)/7)/(6/(-4)). Suppose 0*u - 3*u = -6, 3*c - 3*u - b = 0. Let v = 31 - c. What is the tens digit of v?
1
Suppose 4*j + 3*r = 8*r + 2925, -2*j + 3*r + 1465 = 0. What is the hundreds digit of j?
7
Let d(t) = 5*t - 3. Let p be (1 - -2)*(8 + -5). Let i be d(p). Suppose -9 - i = -3*m. What is the tens digit of m?
1
Suppose -3*s - 156 = -7*s. Suppose s = 3*u - 6. Let y(z) = z + 6. What is the units digit of y(u)?
1
Suppose 56 = 4*m + 4*i - 8*i, 2*i = m - 17. What is the tens digit of m?
1
Let b(z) = -z**3 - z**2 + z + 160. Suppose -6*a = -2*a - 2*a. What is the units digit of b(a)?
0
Let p(l) = l**3 + 6*l**2 + 4*l - 10. Let s be p(-3). What is the units digit of (-4)/(-14) - s/(140/(-5928))?
2
Suppose -2*n = -n + 14. Suppose 0 = -3*q - 4 + 7. Let i = q - n. What is the units digit of i?
5
Let l be (-75)/(-10)*(-2)/(-3). Suppose 0 = l*m - 2*m. Suppose 3*q + m = 9. What is the units digit of q?
3
Let r be (9/1)/3 + 93. Suppose -a = 3*a - r. What is the tens digit of a?
2
Let o = -24 - -2. Let h = o + 25. Suppose -40 = h*n - 7*n. What is the units digit of n?
0
Suppose z = -4*j - 14, -2*z - 19 = -0*j - j. Let v be (195/(-6))/5*-2. Let p = v + z. What is the units digit of p?
3
Let t be (-76)/6 + (-5)/15. Let k = t + 10. Let w(j) = -2*j**3 + 2*j**2 - 2*j + 4. What is the tens digit of w(k)?
8
Let y = 2252 - 1578. What is the hundreds digit of y?
6
Let g(b) = b**2 + 22*b - 14. Let n be g(-15). Let u = n + 169. What is the tens digit of u?
5
Suppose -481 = -17*a + 4*a. Suppose 0*g + 10 = 2*g. Suppose -a = g*h - 292. What is the tens digit of h?
5
Let f = -3154 - -4438. What is the hundreds digit of f?
2
What is the hundreds digit of ((1086/24)/(-1))/((-2)/16)?
3
What is the units digit of (-4 + 2/(-12))*-498?
5
Let j(f) = 46*f - 78. What is the hundreds digit of j(20)?
8
Suppose 260 = t - 176. What is the hundreds digit of t?
4
Suppose 2*g = -2*g - 52. Let i(x) = x + 27. What is the tens digit of i(g)?
1
Let z(x) = -x**3 + 16*x**2 + 20*x - 33. Let v be z(17). Let b = 16 + v. What is the tens digit of b?
3
Let g(m) = m**3 + 14*m**2 - 7*m - 8. Let i be g(-11). What is the units digit of (-1 + 3)*i/32?
7
Suppose 302*t - 34320 = 289*t. What is the tens digit of t?
4
Let b = -80 - -85. Suppose -b*i = q - 237, 0 = -2*i + i + 3. What is the hundreds digit of q?
2
Let i(u) = -17*u**2 + 9*u**2 + 9*u**2 + 3*u - 2 - 1. Let c be i(-4). What is the units digit of -10*c/(-2) + -2?
3
Suppose -3*c + 6 = -3. Suppose j + 4*j + f = 160, 96 = 3*j - c*f. Suppose -m + 5*m = j. What is the units digit of m?
8
Let b(v) = v**2 + 14*v + 16. Let z be b(-13). What is the units digit of -7*((-23)/z)/(11/33)?
1
What is the units digit of (559/(-3))/(((-369)/54)/41)?
8
Let m = -33 + 38. What is the units digit of m?
5
Let d = 16 + -20. Let n be (0 - 1)*d/2. Suppose -2*s + 3*b + 36 = 0, n*s + 3*b = 5*s - 60. What is the units digit of s?
4
Suppose 4*v = -4*x + 68, 7*v - 2*v = -2*x + 49. Let j be (-4)/x - (-10)/3. What is the tens digit of j*2/6*16?
1
Let c = 504 - 187. What is the hundreds digit of c?
3
Let s(m) = 7 + m**3 + 15*m**2 + 9 - m - 2*m**3. Let b be s(15). Let t = b + 31. What is the units digit of t?
2
Let w be 1/(2 - (-3 + 4)). Let y = w - -2. Suppose -y*f + 3*g = 5*g - 11, -4*g + 18 = 2*f. What is the units digit of f?
1
Let t be 41 + -6*3/(-9). Suppose 5*l + 3*b = 212, -l + t = -b - 1. What is the units digit of l?
3
Suppose 2*j + 0*i = i - 3, -2*j + 3*i = 1. Let c be j*(-1 + 9/(-6)). Suppose 95 = 3*y - 5*t + 3*t, c*y = -3*t + 133. What is the tens digit of y?
2
Let a(t) = -29*t + 19. Let p(q) = -43*q + 29. Let m(w) = 8*a(w) - 5*p(w). What is the tens digit of m(-4)?
7
Let k be 6 + 0/(3 - 4). What is the units digit of 262/k + (-40)/15 + 2?
3
Suppose -4*g = -4*p - 8, 3*g + 0 - 2 = -p. What is the hundreds digit of 6/p*(94/(-4) + 4)?
1
Suppose 1140 - 39060 = -48*m. What is the hundreds digit of m?
7
Let a(x) = x**3 - x**2 - 21. What is the hundreds digit of a(6)?
1
Let l = 11 - -23. Suppose l*y - 35*y = -64. What is the units digit of y?
4
Suppose -5*i = p - 1872, 5 = -5*i - 0. What is the t